{"id":20,"date":"2020-10-06T22:21:18","date_gmt":"2020-10-06T20:21:18","guid":{"rendered":"https:\/\/www.itpenguin.de\/wordpress\/?page_id=20"},"modified":"2021-03-26T12:02:46","modified_gmt":"2021-03-26T11:02:46","slug":"startseite","status":"publish","type":"page","link":"https:\/\/www.itpenguin.de\/wordpress\/","title":{"rendered":"Herzlich Willkommen!"},"content":{"rendered":"\n<p>Die Mitarbeiter der itPenguin Gmbh freuen sich, dass du dich auf unsere Website verirrt hast. Schau dich ruhig mal um, vielleicht findest du ja was Interessantes.<\/p>\n\n\n\n<p>Mit Blick auf die verr\u00fcckte Welt um uns herum sind uns ein paar Grunds\u00e4tze wirklich wichtig:<\/p>\n\n\n\n<ul class=\"wp-block-list\"><li>Ehrlichkeit und Authentizit\u00e4t:<br>Das ist die Grundlage f\u00fcr vertrauensvolle Zusammenarbeit.<\/li><li>Nachhaltigkeit:<br>Dazu geh\u00f6ren ein umsichtiger Umgang mit Technik und Rohstoffen, wie z.B. die Verwendung recycelter Verbrauchsartikel und ein mehr und mehr papierloses B\u00fcro.<br>Durch unsere Photovoltaikanlagen erzeugen wir j\u00e4hrlich mehr Strom als wir verbrauchen.<br>Heizung und Warmwasser werden mit Fernw\u00e4rme betrieben. <\/li><li>Klimaschutz:<br>Wir finden es gut, dass sich junge Menschen heutzutage vermehrt um die Zukunft sorgen.<br>Selbst tragen wir dazu bei, indem wir uns inzwischen elektrisch fortbewegen.<br>Selbstverst\u00e4ndlich beziehen wir <a rel=\"noreferrer noopener\" href=\"https:\/\/www.stadtwerke-ebermannstadt.de\/\" target=\"_blank\">unseren \u00d6kostrom<\/a> aus der Region.<\/li><\/ul>\n\n\n\n<div class=\"wp-block-group alignfull has-white-background-color has-background\"><div class=\"wp-block-group__inner-container is-layout-flow wp-block-group-is-layout-flow\">\n<div class=\"wp-block-columns alignwide is-layout-flex wp-container-core-columns-is-layout-9d6595d7 wp-block-columns-is-layout-flex\">\n<div class=\"wp-block-column is-layout-flow wp-block-column-is-layout-flow\">\n<div class=\"wp-block-image\"><figure class=\"aligncenter size-medium\"><img loading=\"lazy\" decoding=\"async\" width=\"255\" height=\"300\" src=\"https:\/\/www.itpenguin.de\/wordpress\/wp-content\/uploads\/2020\/10\/itp_logo_HIGH-255x300.jpg\" alt=\"\" class=\"wp-image-44\" srcset=\"https:\/\/www.itpenguin.de\/wordpress\/wp-content\/uploads\/2020\/10\/itp_logo_HIGH-255x300.jpg 255w, https:\/\/www.itpenguin.de\/wordpress\/wp-content\/uploads\/2020\/10\/itp_logo_HIGH-872x1024.jpg 872w, https:\/\/www.itpenguin.de\/wordpress\/wp-content\/uploads\/2020\/10\/itp_logo_HIGH-768x902.jpg 768w, https:\/\/www.itpenguin.de\/wordpress\/wp-content\/uploads\/2020\/10\/itp_logo_HIGH-1308x1536.jpg 1308w, https:\/\/www.itpenguin.de\/wordpress\/wp-content\/uploads\/2020\/10\/itp_logo_HIGH-1744x2048.jpg 1744w\" sizes=\"auto, (max-width: 255px) 100vw, 255px\" \/><\/figure><\/div>\n<\/div>\n\n\n\n<div class=\"wp-block-column is-layout-flow wp-block-column-is-layout-flow\">\n<blockquote class=\"wp-block-quote is-layout-flow wp-block-quote-is-layout-flow\"><p>Zwei Dinge sind unendlich:<br>Das Universum und die menschliche Dummheit.<br>Aber beim Universum bin ich mir nicht ganz so sicher.<\/p><cite>Albert Einstein<\/cite><\/blockquote>\n<\/div>\n<\/div>\n\n\n\n<p><\/p>\n<\/div><\/div>\n\n\n\n<ul class=\"wp-block-social-links is-layout-flex wp-block-social-links-is-layout-flex\"><li class=\"wp-social-link wp-social-link-wordpress  wp-block-social-link\"><a href=\"https:\/\/wordpress.org\" class=\"wp-block-social-link-anchor\"><svg width=\"24\" height=\"24\" viewBox=\"0 0 24 24\" version=\"1.1\" xmlns=\"http:\/\/www.w3.org\/2000\/svg\" aria-hidden=\"true\" focusable=\"false\"><path d=\"M12.158,12.786L9.46,20.625c0.806,0.237,1.657,0.366,2.54,0.366c1.047,0,2.051-0.181,2.986-0.51 c-0.024-0.038-0.046-0.079-0.065-0.124L12.158,12.786z M3.009,12c0,3.559,2.068,6.634,5.067,8.092L3.788,8.341 C3.289,9.459,3.009,10.696,3.009,12z M18.069,11.546c0-1.112-0.399-1.881-0.741-2.48c-0.456-0.741-0.883-1.368-0.883-2.109 c0-0.826,0.627-1.596,1.51-1.596c0.04,0,0.078,0.005,0.116,0.007C16.472,3.904,14.34,3.009,12,3.009 c-3.141,0-5.904,1.612-7.512,4.052c0.211,0.007,0.41,0.011,0.579,0.011c0.94,0,2.396-0.114,2.396-0.114 C7.947,6.93,8.004,7.642,7.52,7.699c0,0-0.487,0.057-1.029,0.085l3.274,9.739l1.968-5.901l-1.401-3.838 C9.848,7.756,9.389,7.699,9.389,7.699C8.904,7.67,8.961,6.93,9.446,6.958c0,0,1.484,0.114,2.368,0.114 c0.94,0,2.397-0.114,2.397-0.114c0.485-0.028,0.542,0.684,0.057,0.741c0,0-0.488,0.057-1.029,0.085l3.249,9.665l0.897-2.996 C17.841,13.284,18.069,12.316,18.069,11.546z M19.889,7.686c0.039,0.286,0.06,0.593,0.06,0.924c0,0.912-0.171,1.938-0.684,3.22 l-2.746,7.94c2.673-1.558,4.47-4.454,4.47-7.771C20.991,10.436,20.591,8.967,19.889,7.686z M12,22C6.486,22,2,17.514,2,12 C2,6.486,6.486,2,12,2c5.514,0,10,4.486,10,10C22,17.514,17.514,22,12,22z\"><\/path><\/svg><span class=\"wp-block-social-link-label screen-reader-text\">WordPress<\/span><\/a><\/li>\n\n<li class=\"wp-social-link wp-social-link-facebook  wp-block-social-link\"><a href=\"https:\/\/www.facebook.com\/itPenguinDE\" class=\"wp-block-social-link-anchor\"><svg width=\"24\" height=\"24\" viewBox=\"0 0 24 24\" version=\"1.1\" xmlns=\"http:\/\/www.w3.org\/2000\/svg\" aria-hidden=\"true\" focusable=\"false\"><path d=\"M12 2C6.5 2 2 6.5 2 12c0 5 3.7 9.1 8.4 9.9v-7H7.9V12h2.5V9.8c0-2.5 1.5-3.9 3.8-3.9 1.1 0 2.2.2 2.2.2v2.5h-1.3c-1.2 0-1.6.8-1.6 1.6V12h2.8l-.4 2.9h-2.3v7C18.3 21.1 22 17 22 12c0-5.5-4.5-10-10-10z\"><\/path><\/svg><span class=\"wp-block-social-link-label screen-reader-text\">Facebook<\/span><\/a><\/li>\n\n\n\n\n\n<li class=\"wp-social-link wp-social-link-linkedin  wp-block-social-link\"><a href=\"https:\/\/www.xing.com\/profile\/Roland_Hoesch\" class=\"wp-block-social-link-anchor\"><svg width=\"24\" height=\"24\" viewBox=\"0 0 24 24\" version=\"1.1\" xmlns=\"http:\/\/www.w3.org\/2000\/svg\" aria-hidden=\"true\" focusable=\"false\"><path d=\"M19.7,3H4.3C3.582,3,3,3.582,3,4.3v15.4C3,20.418,3.582,21,4.3,21h15.4c0.718,0,1.3-0.582,1.3-1.3V4.3 C21,3.582,20.418,3,19.7,3z M8.339,18.338H5.667v-8.59h2.672V18.338z M7.004,8.574c-0.857,0-1.549-0.694-1.549-1.548 c0-0.855,0.691-1.548,1.549-1.548c0.854,0,1.547,0.694,1.547,1.548C8.551,7.881,7.858,8.574,7.004,8.574z M18.339,18.338h-2.669 v-4.177c0-0.996-0.017-2.278-1.387-2.278c-1.389,0-1.601,1.086-1.601,2.206v4.249h-2.667v-8.59h2.559v1.174h0.037 c0.356-0.675,1.227-1.387,2.526-1.387c2.703,0,3.203,1.779,3.203,4.092V18.338z\"><\/path><\/svg><span class=\"wp-block-social-link-label screen-reader-text\">LinkedIn<\/span><\/a><\/li>\n\n<\/ul>\n\n\n\n<p><\/p>\n","protected":false},"excerpt":{"rendered":"<p>Die Mitarbeiter der itPenguin Gmbh freuen sich, dass du dich auf unsere Website verirrt hast. Schau dich ruhig mal um, vielleicht findest du ja was Interessantes. Mit Blick auf die verr\u00fcckte Welt um uns herum sind uns ein paar Grunds\u00e4tze wirklich wichtig: Ehrlichkeit und Authentizit\u00e4t:Das ist die Grundlage f\u00fcr vertrauensvolle Zusammenarbeit. Nachhaltigkeit:Dazu geh\u00f6ren ein umsichtiger [&hellip;]<\/p>\n","protected":false},"author":1,"featured_media":0,"parent":0,"menu_order":0,"comment_status":"closed","ping_status":"closed","template":"","meta":{"gt_page_layout":"","gt_hide_page_title":false,"gt_remove_bottom_margin":false,"footnotes":""},"class_list":["post-20","page","type-page","status-publish","hentry"],"_links":{"self":[{"href":"https:\/\/www.itpenguin.de\/wordpress\/wp-json\/wp\/v2\/pages\/20","targetHints":{"allow":["GET"]}}],"collection":[{"href":"https:\/\/www.itpenguin.de\/wordpress\/wp-json\/wp\/v2\/pages"}],"about":[{"href":"https:\/\/www.itpenguin.de\/wordpress\/wp-json\/wp\/v2\/types\/page"}],"author":[{"embeddable":true,"href":"https:\/\/www.itpenguin.de\/wordpress\/wp-json\/wp\/v2\/users\/1"}],"replies":[{"embeddable":true,"href":"https:\/\/www.itpenguin.de\/wordpress\/wp-json\/wp\/v2\/comments?post=20"}],"version-history":[{"count":18,"href":"https:\/\/www.itpenguin.de\/wordpress\/wp-json\/wp\/v2\/pages\/20\/revisions"}],"predecessor-version":[{"id":191,"href":"https:\/\/www.itpenguin.de\/wordpress\/wp-json\/wp\/v2\/pages\/20\/revisions\/191"}],"wp:attachment":[{"href":"https:\/\/www.itpenguin.de\/wordpress\/wp-json\/wp\/v2\/media?parent=20"}],"curies":[{"name":"wp","href":"https:\/\/api.w.org\/{rel}","templated":true}]}}